{"id":719,"date":"2018-05-25T12:31:09","date_gmt":"2018-05-25T10:31:09","guid":{"rendered":"http:\/\/www.pilotraum01.org\/?page_id=719"},"modified":"2024-07-17T11:02:56","modified_gmt":"2024-07-17T09:02:56","slug":"impressum","status":"publish","type":"page","link":"https:\/\/www.pilotraum01.org\/?page_id=719","title":{"rendered":"Impressum"},"content":{"rendered":"\t\t<div data-elementor-type=\"wp-page\" data-elementor-id=\"719\" class=\"elementor elementor-719\" data-elementor-post-type=\"page\">\n\t\t\t\t<div class=\"elementor-element elementor-element-2e02a960 e-flex e-con-boxed e-con e-parent\" data-id=\"2e02a960\" data-element_type=\"container\">\n\t\t\t\t\t<div class=\"e-con-inner\">\n\t\t\t\t<div class=\"elementor-element elementor-element-3ee4c92 elementor-widget elementor-widget-text-editor\" data-id=\"3ee4c92\" data-element_type=\"widget\" data-widget_type=\"text-editor.default\">\n\t\t\t\t<div class=\"elementor-widget-container\">\n\t\t\t\t\t\t\t\t\t<h4>Impressum<\/h4><p>Prof. Dr. Nico Grove (1. Vorstand)<br \/>Dr. Ludwig Braun (2. Vorstand)<br \/>Prof. Dr. rer. nat. Martin Richartz (Schatzmeister)<br \/>Dr. Serafine Lindemann (K\u00fcnstlerische Leitung)<br \/>Reichenkam 4<br \/>D-82541 M\u00fcnsing<\/p><p>M +49 (177) 5624313<\/p><p><a title=\"E-Mail senden an: art@artcircolo.de\" href=\"mailto:art@artcircolo.de\">art@artcircolo.de<\/a><br \/><a href=\"https:\/\/www.pilotraum01.org\/\" target=\"_blank\" rel=\"noopener\">www.pilotraum01.org<\/a><\/p><table border=\"0\" width=\"413\"><tbody><tr><td><p class=\"border_bottom\">Inhaltlich verantwortlich gem\u00e4\u00df \u00a7 6 MDStV: Dr. Serafine Lindemann<\/p><p class=\"border_bottom\"><a href=\"https:\/\/www.pilotraum01.org\/datenschutz\/\">Hinweise zum Datenschutz<\/a><\/p><p class=\"border_bottom\">Haftungshinweis<br \/>Trotz sorgf\u00e4ltiger inhaltlicher Kontrolle \u00fcbernehmen wir keine Haftung f\u00fcr die Inhalte externer Links. F\u00fcr den Inhalt der verlinkten Seiten sind ausschlie\u00dflich deren Betreiber verantwortlich.<\/p><p class=\"border_bottom\">Steuernummer 143\/220\/50780<br \/>Vereinsregisternummer VR 202361 AG M\u00fcnchen<\/p><\/td><\/tr><\/tbody><\/table>\t\t\t\t\t\t\t\t<\/div>\n\t\t\t\t<\/div>\n\t\t\t\t\t<\/div>\n\t\t\t\t<\/div>\n\t\t\t\t<\/div>\n\t\t","protected":false},"excerpt":{"rendered":"<p>Impressum Prof. Dr. Nico Grove (1. Vorstand)Dr. Ludwig Braun (2. Vorstand)Prof. Dr. rer. nat. Martin Richartz (Schatzmeister)Dr. Serafine Lindemann (K\u00fcnstlerische Leitung)Reichenkam 4D-82541 M\u00fcnsing M +49 (177) 5624313 art@artcircolo.dewww.pilotraum01.org Inhaltlich verantwortlich gem\u00e4\u00df \u00a7 6 MDStV: Dr. Serafine Lindemann Hinweise zum Datenschutz HaftungshinweisTrotz sorgf\u00e4ltiger inhaltlicher Kontrolle \u00fcbernehmen wir keine Haftung f\u00fcr die Inhalte externer Links. F\u00fcr den [&hellip;]<\/p>\n","protected":false},"author":1,"featured_media":0,"parent":0,"menu_order":0,"comment_status":"closed","ping_status":"closed","template":"","meta":{"footnotes":""},"class_list":["post-719","page","type-page","status-publish","hentry"],"_links":{"self":[{"href":"https:\/\/www.pilotraum01.org\/index.php?rest_route=\/wp\/v2\/pages\/719","targetHints":{"allow":["GET"]}}],"collection":[{"href":"https:\/\/www.pilotraum01.org\/index.php?rest_route=\/wp\/v2\/pages"}],"about":[{"href":"https:\/\/www.pilotraum01.org\/index.php?rest_route=\/wp\/v2\/types\/page"}],"author":[{"embeddable":true,"href":"https:\/\/www.pilotraum01.org\/index.php?rest_route=\/wp\/v2\/users\/1"}],"replies":[{"embeddable":true,"href":"https:\/\/www.pilotraum01.org\/index.php?rest_route=%2Fwp%2Fv2%2Fcomments&post=719"}],"version-history":[{"count":16,"href":"https:\/\/www.pilotraum01.org\/index.php?rest_route=\/wp\/v2\/pages\/719\/revisions"}],"predecessor-version":[{"id":6052,"href":"https:\/\/www.pilotraum01.org\/index.php?rest_route=\/wp\/v2\/pages\/719\/revisions\/6052"}],"wp:attachment":[{"href":"https:\/\/www.pilotraum01.org\/index.php?rest_route=%2Fwp%2Fv2%2Fmedia&parent=719"}],"curies":[{"name":"wp","href":"https:\/\/api.w.org\/{rel}","templated":true}]}}